{"id":1267,"date":"2017-11-29T19:35:31","date_gmt":"2017-11-29T19:35:31","guid":{"rendered":"http:\/\/brfbolmen1.se\/?page_id=1267"},"modified":"2025-10-12T01:03:32","modified_gmt":"2025-10-11T23:03:32","slug":"tvattstugor-bokning-och-regler","status":"publish","type":"page","link":"https:\/\/brfbolmen1.se\/?page_id=1267","title":{"rendered":"Tv\u00e4ttstugor, bokning och regler"},"content":{"rendered":"<div class=\"textLayer\">\n<div class=\"text-layer-inner\">\n<h3 class=\"textbox\" dir=\"ltr\">Regler f\u00f6r nyttjande av tv\u00e4ttstuga BrfBolmen1<\/h3>\n<p class=\"textbox\" dir=\"ltr\">Tv\u00e4ttstugan \u00e4r en tj\u00e4nst som f\u00f6reningen erbjuder sina medlemmar och hyresg\u00e4ster.<br \/>\n<a href=\"http:\/\/brfbolmen1.se\/?page_id=1276\">Fr\u00e5gor och svar<br \/>\n<\/a><a href=\"http:\/\/brfbolmen1.se\/?page_id=1204\" target=\"_blank\" rel=\"noopener noreferrer\">Lokal\u00f6versikt<\/a>, hj\u00e4lper dig hitta dit.<br \/>\nVid nyttjande av tv\u00e4ttstugan ska f\u00f6ljande regler respekteras:<\/p>\n<p class=\"textbox\" dir=\"ltr\">BOKNING, <a href=\"http:\/\/brfbolmen1.se\/wp-content\/uploads\/Info\/Tv\u00e4ttstugor\/Tv\u00e4ttstugebokning-VAKA-BrfBolmen1.pdf\" target=\"_blank\" rel=\"noopener noreferrer\">instruktion<\/a><\/p>\n<ul>\n<li dir=\"ltr\">Tv\u00e5 hush\u00e5ll delar p\u00e5 M\u00f6ckelv\u00e4gen 23, tv\u00e5 maskiner vardera<\/li>\n<li dir=\"ltr\">\u00c4ven Grovtv\u00e4ttstugan m\u00e5ste bokas<\/li>\n<li class=\"textbox\" dir=\"ltr\">Boka via <strong>bokningstavla<\/strong>, mellan <strong>Bolmensv\u00e4gen 2 och 4<\/strong> eller via internet, <a href=\"http:\/\/bolmen.brfweb.nu\/\">bolmen.brfweb.nu<\/a><\/li>\n<li class=\"textbox\" dir=\"ltr\">Bokning av tv\u00e5 efterf\u00f6ljande tv\u00e4ttider i samma tv\u00e4ttstuga till\u00e5ts ej.<br \/>\nSystemet till\u00e5ter rent tekniskt att man bokar tv\u00e5 efterf\u00f6ljande pass i samma tv\u00e4ttstuga men detta skapar problem i passersystemet n\u00e4r \u00f6verlappningstiden fr\u00e5n f\u00f6rsta tv\u00e4ttpasset krockar med starta-pass-tid fr\u00e5n andra tv\u00e4ttpasset.<\/li>\n<li class=\"textbox\" dir=\"ltr\">Bokning kan g\u00f6ras 30 dagar fram\u00e5t i tiden<\/li>\n<li class=\"textbox\" dir=\"ltr\">Tv\u00e4ttid som inte p\u00e5b\u00f6rjats (nyckelbricka som \u00f6ppnar d\u00f6rren) inom 30 minuter avbokas automatiskt.<br \/>\nOm passet b\u00f6rjar kl.14 s\u00e5 m\u00e5ste du blippa p\u00e5 dosan mellan kl.14:00 och kl.14:30 (inte kl.13:59 och inte heller kl.14:31). Tilltr\u00e4de nekas om du kommer f\u00f6r tidigt eller f\u00f6r sent! OBS: T\u00e4nk p\u00e5 att klockan i passersystemet inte direkt passar tiden i, t.ex., din mobil. \u00c4ven om det st\u00e5r kl.14:00 p\u00e5 mobilen s\u00e5 kan det vara s\u00e5 att det i passersystemet fortfarande \u00e4r kl.13:59, s\u00e5 ofta \u00e4r det bara att v\u00e4nta n\u00e5gon minut s\u00e5 l\u00f6ser det sig.<\/li>\n<li dir=\"ltr\">Du m\u00e5ste alltid blippa f\u00f6r att aktivera passet.<br \/>\nSkulle d\u00f6rren vara uppst\u00e4lld n\u00e4r du kommer till tv\u00e4ttstugan s\u00e5 m\u00e5ste du \u00e4nd\u00e5 blippa p\u00e5 dosan f\u00f6r att aktivera ditt pass. Blippar du inte s\u00e5 aktiveras helt enkelt inte passet, och s\u00e5 kommer du inte in senare.<\/li>\n<li dir=\"ltr\">Torktid 60 min efter avslutad tv\u00e4ttid<\/li>\n<li dir=\"ltr\">Du kan inte boka tid n\u00e4r det \u00e4r mindre \u00e4n 1 timme kvar av ett pass.<br \/>\nSystemet till\u00e5ter inte bokningar som \u00e4r kortare \u00e4n 60 minuter. Vill du boka tid, t.ex., f\u00f6r passet kl.14:00 \u2013 kl.18:00 s\u00e5 m\u00e5ste du g\u00f6ra det INNAN kl.17:00 prick. Du m\u00e5ste dock bli klar med din tv\u00e4tt i tid s\u00e5 att n\u00e4sta person kan p\u00e5b\u00f6rja sitt pass efter dig.<\/li>\n<li dir=\"ltr\">Samtliga hush\u00e5llets nyckelbrickor kan anv\u00e4ndas.<\/li>\n<li dir=\"ltr\">Varje hush\u00e5ll kan boka tre pass per vecka.<\/li>\n<li dir=\"ltr\">Notera att om ni inte utnyttjar tiden s\u00e5 r\u00e4knas den \u00e4nd\u00e5 in i er pott. Det \u00e4r d\u00e4rf\u00f6r viktigt att avboka tiden om ni sedan innan vet att ni inte kommer att kunna utnyttja den.<\/li>\n<\/ul>\n<p class=\"textbox\" dir=\"ltr\"><strong>TV\u00c4TTIDEN<\/strong><\/p>\n<ul>\n<li class=\"textbox\" dir=\"ltr\">En tv\u00e4ttid \u00e4r tre respektive fyra timmar, exklusive torktid om 60 minuter<\/li>\n<li dir=\"ltr\">Tilltr\u00e4de endast fr\u00e5n tv\u00e4ttidens starttid fram till 60 minuter efter tv\u00e4ttidens sluttid<\/li>\n<li class=\"textbox\" dir=\"ltr\">Var klar i tid och <strong>gl\u00f6m<\/strong> inget i tv\u00e4ttstugan d\u00e5 man endast kommer in om man bokat tv\u00e4ttstugan<\/li>\n<\/ul>\n<p class=\"textbox\" dir=\"ltr\"><strong>SK\u00d6TSEL<\/strong><\/p>\n<p class=\"textbox\" dir=\"ltr\">Anv\u00e4nd maskinerna enligt instruktionerna, och\u00a0reng\u00f6r\u00a0efter dig.\u00a0Mattor\u00a0f\u00e5r inte tv\u00e4ttas i de vanliga maskinerna. S\u00e4rskild maskin f\u00f6r mattv\u00e4tt\u00a0finns i tv\u00e4ttstugan M\u00f6ckelv\u00e4gen 23. Bokas som \u00f6vriga tv\u00e4ttstugor.<br \/>\nF\u00e4rgmedel eller blekningsmedel\u00a0f\u00e5r inte anv\u00e4ndas i maskinerna.<\/p>\n<p class=\"textbox\" dir=\"ltr\">Anm\u00e4l fel p\u00e5 maskiner, vattenledningar, avlopp o dylikt till v\u00e5r fastighetssk\u00f6tare <a href=\"https:\/\/brfbolmen1.se\/?page_id=1220\">Delagott<\/a>\u00a0kontaktuppgifter finns <a href=\"https:\/\/brfbolmen1.se\/?page_id=1220\">h\u00e4r<\/a>.<\/p>\n<p dir=\"ltr\">Anm\u00e4l fel r\u00f6rande boknings-systemet till info@brfbolmen.se<\/p>\n<p class=\"textbox\" dir=\"ltr\"><strong>TRIVSEL<\/strong><\/p>\n<p class=\"textbox\" dir=\"ltr\">Tv\u00e4ttstugan brukar som bekant vara en k\u00e4lla till grannos\u00e4mja. L\u00e5t oss g\u00f6ra v\u00e5rt b\u00e4sta f\u00f6r att\u00a0slippa det. Genom att plocka bort ludd i torktumlarfiltret, torka ur tv\u00e4ttmedelsfacket och g\u00f6ra snyggt efter dig.<br \/>\nSl\u00e4ng inte kvargl\u00f6md tv\u00e4tt utan l\u00e4gg det i en tv\u00e4ttkorg, godta en\u00a0urs\u00e4kt.<\/p>\n<\/div>\n<\/div>\n<div class=\"links-layer\"><\/div>\n","protected":false},"excerpt":{"rendered":"<p>Regler f\u00f6r nyttjande av tv\u00e4ttstuga BrfBolmen1 Tv\u00e4ttstugan \u00e4r en tj\u00e4nst som f\u00f6reningen erbjuder sina medlemmar och hyresg\u00e4ster. Fr\u00e5gor och svar Lokal\u00f6versikt, hj\u00e4lper dig hitta dit. Vid nyttjande av tv\u00e4ttstugan ska f\u00f6ljande regler respekteras: BOKNING, instruktion Tv\u00e5 hush\u00e5ll delar p\u00e5 M\u00f6ckelv\u00e4gen 23, tv\u00e5 maskiner vardera \u00c4ven Grovtv\u00e4ttstugan m\u00e5ste bokas Boka via bokningstavla, mellan Bolmensv\u00e4gen 2 och [&hellip;]<\/p>\n","protected":false},"author":1,"featured_media":0,"parent":26,"menu_order":18,"comment_status":"closed","ping_status":"closed","template":"","meta":{"footnotes":""},"class_list":["post-1267","page","type-page","status-publish","hentry"],"_links":{"self":[{"href":"https:\/\/brfbolmen1.se\/index.php?rest_route=\/wp\/v2\/pages\/1267","targetHints":{"allow":["GET"]}}],"collection":[{"href":"https:\/\/brfbolmen1.se\/index.php?rest_route=\/wp\/v2\/pages"}],"about":[{"href":"https:\/\/brfbolmen1.se\/index.php?rest_route=\/wp\/v2\/types\/page"}],"author":[{"embeddable":true,"href":"https:\/\/brfbolmen1.se\/index.php?rest_route=\/wp\/v2\/users\/1"}],"replies":[{"embeddable":true,"href":"https:\/\/brfbolmen1.se\/index.php?rest_route=%2Fwp%2Fv2%2Fcomments&post=1267"}],"version-history":[{"count":24,"href":"https:\/\/brfbolmen1.se\/index.php?rest_route=\/wp\/v2\/pages\/1267\/revisions"}],"predecessor-version":[{"id":2373,"href":"https:\/\/brfbolmen1.se\/index.php?rest_route=\/wp\/v2\/pages\/1267\/revisions\/2373"}],"up":[{"embeddable":true,"href":"https:\/\/brfbolmen1.se\/index.php?rest_route=\/wp\/v2\/pages\/26"}],"wp:attachment":[{"href":"https:\/\/brfbolmen1.se\/index.php?rest_route=%2Fwp%2Fv2%2Fmedia&parent=1267"}],"curies":[{"name":"wp","href":"https:\/\/api.w.org\/{rel}","templated":true}]}}