{"id":1311,"date":"2018-01-21T08:33:10","date_gmt":"2018-01-21T08:33:10","guid":{"rendered":"http:\/\/brfbolmen1.se\/?page_id=1311"},"modified":"2018-01-21T08:43:40","modified_gmt":"2018-01-21T08:43:40","slug":"snorojning-park-och-gator","status":"publish","type":"page","link":"https:\/\/brfbolmen1.se\/?page_id=1311","title":{"rendered":"Sn\u00f6r\u00f6jning park och gator"},"content":{"rendered":"<p>Sn\u00f6r\u00f6jning och halkbek\u00e4mpning p\u00e5 <strong>f\u00f6reningens<\/strong> mark sk\u00f6ter v\u00e5r parkf\u00f6rvaltare, <strong>Fined<\/strong>.<br \/>\nVid f\u00f6rslag till f\u00f6rb\u00e4ttring, kontakta styrelsen, <a href=\"mailto:info@brfbolmen1.se\">info@brfbolmen1.se<\/a><\/p>\n<p>F\u00f6r\u00a0<strong>trottoarer<\/strong> och <strong>gator<\/strong> ansvarar \u00a0<strong>Stockholms Stad<\/strong>.<br \/>\nRiktlinjerna f\u00f6r plogning i Stockholms ytterstaden finner du via denna <a href=\"http:\/\/www.stockholm.se\/TrafikStadsplanering\/Gator-och-torg\/Sno-och-halka\/Plogning-i-ytterstaden\/\">l\u00e4nk<\/a>.<br \/>\nAnm\u00e4rkningar p\u00e5 hanteringen anm\u00e4ls av inv\u00e5nare i staden till,\u00a0<a class=\"email soft-broken\" href=\"mailto:trafikkontoret@stockholm.se\">trafikkontoret@\u200bstockholm.se<\/a>.<\/p>\n","protected":false},"excerpt":{"rendered":"<p>Sn\u00f6r\u00f6jning och halkbek\u00e4mpning p\u00e5 f\u00f6reningens mark sk\u00f6ter v\u00e5r parkf\u00f6rvaltare, Fined. Vid f\u00f6rslag till f\u00f6rb\u00e4ttring, kontakta styrelsen, info@brfbolmen1.se F\u00f6r\u00a0trottoarer och gator ansvarar \u00a0Stockholms Stad. Riktlinjerna f\u00f6r plogning i Stockholms ytterstaden finner du via denna l\u00e4nk. Anm\u00e4rkningar p\u00e5 hanteringen anm\u00e4ls av inv\u00e5nare i staden till,\u00a0trafikkontoret@\u200bstockholm.se.<\/p>\n","protected":false},"author":1,"featured_media":0,"parent":26,"menu_order":12,"comment_status":"closed","ping_status":"closed","template":"","meta":{"footnotes":""},"class_list":["post-1311","page","type-page","status-publish","hentry"],"_links":{"self":[{"href":"https:\/\/brfbolmen1.se\/index.php?rest_route=\/wp\/v2\/pages\/1311","targetHints":{"allow":["GET"]}}],"collection":[{"href":"https:\/\/brfbolmen1.se\/index.php?rest_route=\/wp\/v2\/pages"}],"about":[{"href":"https:\/\/brfbolmen1.se\/index.php?rest_route=\/wp\/v2\/types\/page"}],"author":[{"embeddable":true,"href":"https:\/\/brfbolmen1.se\/index.php?rest_route=\/wp\/v2\/users\/1"}],"replies":[{"embeddable":true,"href":"https:\/\/brfbolmen1.se\/index.php?rest_route=%2Fwp%2Fv2%2Fcomments&post=1311"}],"version-history":[{"count":3,"href":"https:\/\/brfbolmen1.se\/index.php?rest_route=\/wp\/v2\/pages\/1311\/revisions"}],"predecessor-version":[{"id":1317,"href":"https:\/\/brfbolmen1.se\/index.php?rest_route=\/wp\/v2\/pages\/1311\/revisions\/1317"}],"up":[{"embeddable":true,"href":"https:\/\/brfbolmen1.se\/index.php?rest_route=\/wp\/v2\/pages\/26"}],"wp:attachment":[{"href":"https:\/\/brfbolmen1.se\/index.php?rest_route=%2Fwp%2Fv2%2Fmedia&parent=1311"}],"curies":[{"name":"wp","href":"https:\/\/api.w.org\/{rel}","templated":true}]}}