{"id":244,"date":"2013-08-15T07:32:29","date_gmt":"2013-08-15T07:32:29","guid":{"rendered":"http:\/\/brfbolmen1.se\/?page_id=244"},"modified":"2025-07-02T10:30:40","modified_gmt":"2025-07-02T08:30:40","slug":"skadedjur","status":"publish","type":"page","link":"https:\/\/brfbolmen1.se\/?page_id=244","title":{"rendered":"Skadedjur"},"content":{"rendered":"<p>Vid ev skadedjur i eller utanf\u00f6r din l\u00e4genhet har f\u00f6reningen avtal med <a href=\"https:\/\/www.rentokil.com\/se\/tjanster\/skadedjursbekampning\">Rentokil\u00a0<\/a>som arbetar med f\u00f6rebyggande och milj\u00f6v\u00e4nlig skadedjursbek\u00e4mpning.<\/p>\n<p>Kontakta dem direkt ifall du \u00f6nskar sanering: <a href=\"tel:0771-122300\">0771-122 300<\/a><br \/>\nAlternativt felanm\u00e4l via deras <a href=\"https:\/\/www.rentokil.com\/se\/skadeanmalan\">formul\u00e4r<\/a> f\u00f6r skadeanm\u00e4lan.<\/p>\n","protected":false},"excerpt":{"rendered":"<p>Vid ev skadedjur i eller utanf\u00f6r din l\u00e4genhet har f\u00f6reningen avtal med Rentokil\u00a0som arbetar med f\u00f6rebyggande och milj\u00f6v\u00e4nlig skadedjursbek\u00e4mpning. Kontakta dem direkt ifall du \u00f6nskar sanering: 0771-122 300 Alternativt felanm\u00e4l via deras formul\u00e4r f\u00f6r skadeanm\u00e4lan.<\/p>\n","protected":false},"author":1,"featured_media":0,"parent":26,"menu_order":11,"comment_status":"closed","ping_status":"closed","template":"","meta":{"footnotes":""},"class_list":["post-244","page","type-page","status-publish","hentry"],"_links":{"self":[{"href":"https:\/\/brfbolmen1.se\/index.php?rest_route=\/wp\/v2\/pages\/244","targetHints":{"allow":["GET"]}}],"collection":[{"href":"https:\/\/brfbolmen1.se\/index.php?rest_route=\/wp\/v2\/pages"}],"about":[{"href":"https:\/\/brfbolmen1.se\/index.php?rest_route=\/wp\/v2\/types\/page"}],"author":[{"embeddable":true,"href":"https:\/\/brfbolmen1.se\/index.php?rest_route=\/wp\/v2\/users\/1"}],"replies":[{"embeddable":true,"href":"https:\/\/brfbolmen1.se\/index.php?rest_route=%2Fwp%2Fv2%2Fcomments&post=244"}],"version-history":[{"count":6,"href":"https:\/\/brfbolmen1.se\/index.php?rest_route=\/wp\/v2\/pages\/244\/revisions"}],"predecessor-version":[{"id":2302,"href":"https:\/\/brfbolmen1.se\/index.php?rest_route=\/wp\/v2\/pages\/244\/revisions\/2302"}],"up":[{"embeddable":true,"href":"https:\/\/brfbolmen1.se\/index.php?rest_route=\/wp\/v2\/pages\/26"}],"wp:attachment":[{"href":"https:\/\/brfbolmen1.se\/index.php?rest_route=%2Fwp%2Fv2%2Fmedia&parent=244"}],"curies":[{"name":"wp","href":"https:\/\/api.w.org\/{rel}","templated":true}]}}