{"id":76,"date":"2013-01-04T17:14:58","date_gmt":"2013-01-04T17:14:58","guid":{"rendered":"http:\/\/brfbolmen1.se\/?page_id=76"},"modified":"2025-10-12T00:57:19","modified_gmt":"2025-10-11T22:57:19","slug":"lagenhetsnummer","status":"publish","type":"page","link":"https:\/\/brfbolmen1.se\/?page_id=76","title":{"rendered":"L\u00e4genhetsnummer"},"content":{"rendered":"<div>\n<h3>L\u00c4GENHETSREGISTRET<\/h3>\n<p><strong>Nytt nummersystem sen 2011 men parallellt beh\u00e5ller vi det gamla<\/strong><\/p>\n<p>Riksdagen har beslutat att inf\u00f6ra ett nytt system f\u00f6r l\u00e4genhetsregister och folkbokf\u00f6ring, och d\u00e4rmed \u00e4r alla fastighets\u00e4gare \u00e5lagda att ge l\u00e4genheterna nya nummer enligt detta system.<\/p>\n<p>Det \u00e4r m\u00f6jligt att ha tv\u00e5 parallella nummersystem, s\u00e5 Brf Bolmen 1 kommer \u00e4ven att anv\u00e4nda det ursprungliga systemet, som bland annat st\u00e5r p\u00e5 \u00f6verl\u00e5telser och hyreskontrakt.<\/p>\n<p>Mappning av gamla och nya l\u00e4genhetsnummer, <a href=\"http:\/\/brfbolmen1.se\/wp-content\/uploads\/Info\/Lght-nummer-BrfBolmen1.pdf\">BrfBolmen1 lght nummer<\/a><\/p>\n<p>Syftet med en fyrsiffrig kod \u00e4r att kunna lokalisera l\u00e4genheten genom att kunna utl\u00e4sa v\u00e5ningsplan och var l\u00e4genheten \u00e4r bel\u00e4gen p\u00e5 v\u00e5ningen. De tv\u00e5 f\u00f6rsta siffrorna anger l\u00e4genhetens v\u00e5ningsplan, d\u00e4r 10 betyder entr\u00e9plan eller gatuplan eller en halvtrappa upp, 11 n\u00e4rmast h\u00f6gre v\u00e5ning och 09 n\u00e4rmast l\u00e4gre v\u00e5ning. De tv\u00e5 sista siffrorna \u00e4r numret f\u00f6r l\u00e4genhetens l\u00e4ge p\u00e5 v\u00e5ningsplanet, r\u00e4knat fr\u00e5n v\u00e4nster till h\u00f6ger. Det finns s\u00e5ledes m\u00e5nga l\u00e4genheter med samma nummer men p\u00e5 olika gatuadresser. De gamla numren \u00e5 sin sida \u00e4r specifika f\u00f6r just din l\u00e4genhet varf\u00f6r vi valt att ha b\u00e5da numren p\u00e5 d\u00f6rren.<\/p>\n<\/div>\n<div>\n<h3>Bakgrund till det nya l\u00e4genhetsregistret<\/h3>\n<p>L\u00e4genhetsregistret \u00e4r ett landsomfattande register f\u00f6r Sverige, beslutat av Riksdagen 2006; (2006:378) om l\u00e4genhetsregister och \u00e4ndring i Folkbokf\u00f6ringslagen (1991:481). Det inneb\u00e4r att personer boende i l\u00e4genhet blir folkbokf\u00f6rd i sin l\u00e4genhet och inte bara p\u00e5 sin gatuadress.<\/p>\n<p>L\u00e4genhetsnummer inf\u00f6rs f\u00f6r att Statistiska Centralbyr\u00e5n (SCB) ska kunna ta fram hush\u00e5lls- och bostadsstatistik, dvs. information om antal bost\u00e4der, hush\u00e5ll och hush\u00e5llens storlek. Statistiken beh\u00f6vs bland annat f\u00f6r att f\u00e5 bra underlag vid samh\u00e4llsplaneringen.<\/p>\n<p>Det \u00e4r Lantm\u00e4teriet som har uppr\u00e4ttat registret, d\u00e4refter \u00e4r det kommunerna som ansvarar f\u00f6r att uppdatera registret.<\/p>\n<p>F\u00f6r flerfamiljshus inf\u00f6rs ett fyrsiffrigt l\u00e4genhetsnummer som bokf\u00f6rs i registret. Det fyrsiffriga l\u00e4genhetsnumret \u00e4r en ny adresstandard som \u00e4r enhetligt utformad. Syftet med en fyrsiffrig kod \u00e4r att kunna lokalisera l\u00e4genheten genom att kunna utl\u00e4sa dels v\u00e5ningsplan dels var l\u00e4genheten \u00e4r bel\u00e4gen p\u00e5 v\u00e5ningen.<\/p>\n<\/div>\n<p>&nbsp;<\/p>\n<p>&nbsp;<\/p>\n<p>&nbsp;<\/p>\n","protected":false},"excerpt":{"rendered":"<p>L\u00c4GENHETSREGISTRET Nytt nummersystem sen 2011 men parallellt beh\u00e5ller vi det gamla Riksdagen har beslutat att inf\u00f6ra ett nytt system f\u00f6r l\u00e4genhetsregister och folkbokf\u00f6ring, och d\u00e4rmed \u00e4r alla fastighets\u00e4gare \u00e5lagda att ge l\u00e4genheterna nya nummer enligt detta system. Det \u00e4r m\u00f6jligt att ha tv\u00e5 parallella nummersystem, s\u00e5 Brf Bolmen 1 kommer \u00e4ven att anv\u00e4nda det ursprungliga [&hellip;]<\/p>\n","protected":false},"author":1,"featured_media":0,"parent":26,"menu_order":6,"comment_status":"closed","ping_status":"closed","template":"","meta":{"footnotes":""},"class_list":["post-76","page","type-page","status-publish","hentry"],"_links":{"self":[{"href":"https:\/\/brfbolmen1.se\/index.php?rest_route=\/wp\/v2\/pages\/76","targetHints":{"allow":["GET"]}}],"collection":[{"href":"https:\/\/brfbolmen1.se\/index.php?rest_route=\/wp\/v2\/pages"}],"about":[{"href":"https:\/\/brfbolmen1.se\/index.php?rest_route=\/wp\/v2\/types\/page"}],"author":[{"embeddable":true,"href":"https:\/\/brfbolmen1.se\/index.php?rest_route=\/wp\/v2\/users\/1"}],"replies":[{"embeddable":true,"href":"https:\/\/brfbolmen1.se\/index.php?rest_route=%2Fwp%2Fv2%2Fcomments&post=76"}],"version-history":[{"count":13,"href":"https:\/\/brfbolmen1.se\/index.php?rest_route=\/wp\/v2\/pages\/76\/revisions"}],"predecessor-version":[{"id":2365,"href":"https:\/\/brfbolmen1.se\/index.php?rest_route=\/wp\/v2\/pages\/76\/revisions\/2365"}],"up":[{"embeddable":true,"href":"https:\/\/brfbolmen1.se\/index.php?rest_route=\/wp\/v2\/pages\/26"}],"wp:attachment":[{"href":"https:\/\/brfbolmen1.se\/index.php?rest_route=%2Fwp%2Fv2%2Fmedia&parent=76"}],"curies":[{"name":"wp","href":"https:\/\/api.w.org\/{rel}","templated":true}]}}