{"id":966,"date":"2015-12-22T14:08:27","date_gmt":"2015-12-22T14:08:27","guid":{"rendered":"http:\/\/brfbolmen1.se\/?page_id=966"},"modified":"2025-10-12T00:56:38","modified_gmt":"2025-10-11T22:56:38","slug":"korttidsuthyrning-via-t-ex-airbnb","status":"publish","type":"page","link":"https:\/\/brfbolmen1.se\/?page_id=966","title":{"rendered":"Korttidsuthyrning \u2013 via t.ex. Airbnb"},"content":{"rendered":"<p>Att hyra ut sin l\u00e4genhet under en kortare period, t.ex. via tj\u00e4nsten <a href=\"https:\/\/www.airbnb.com\/\">Airbnb<\/a> eller motsvarande, \u00e4r att betrakta som en andrahandsuthyrning och d\u00e4rf\u00f6r g\u00e4ller samma regler f\u00f6r t.ex. f\u00f6r annan andrahandsuthyrning.<\/p>\n<h3>Godk\u00e4nna korttidsuthyrning<\/h3>\n<p>S\u00f6k alltid tillst\u00e5nd av styrelsen i god tid om du planerar att hyra ut din l\u00e4genhet via Airbnb eller en annan, liknande tj\u00e4nst. Kom ih\u00e5g att informera i god tid till styrelsen om vem och n\u00e4r. Du som funderar p\u00e5 korttidsuthyrning vid flera tillf\u00e4llen kontaktar styrelsen f\u00f6r ett godk\u00e4nnande f\u00f6r perioden. Det \u00e4r till\u00e5tet att max 5 g\u00e5nger per \u00e5r om max 7 dagar \u00e5t g\u00e5ngen hyra ut sitt boende inom ramen f\u00f6r korttidsuthyrning. Dock ej till\u00e5tet i en st\u00f6rre omfattning likt hotellverksamhet. Inf\u00f6r varje uthyrning informerar du styrelsen om vem som kommer bo i l\u00e4genheten samt vilken period.<\/p>\n<h3>Att t\u00e4nka p\u00e5<\/h3>\n<p>N\u00e4r n\u00e5gon annan \u00e4n bostadsr\u00e4ttsinnehavaren sj\u00e4lvst\u00e4ndigt brukar l\u00e4genheten \u00e4r det juridiskt sett en andrahandsuppl\u00e5telse, oavsett om du tar betalt eller uppl\u00e5ter l\u00e4genheten till uthyrning gratis. N\u00e4r det \u00e4r fr\u00e5ga om andrahandsuthyrning kr\u00e4vs alltid styrelsens godk\u00e4nnande. Om du hyr ut via t.ex. Airbnb rekommenderar vi att du inf\u00f6r uthyrningen l\u00e4ser igenom deras rekommendationer g\u00e4llande <a href=\"https:\/\/www.airbnb.se\/help\/responsible-hosting\">Ansvarsfullt v\u00e4rdskap<\/a><\/p>\n<p>Viktigt att t\u00e4nka p\u00e5 inf\u00f6r att du hyr ut din l\u00e4genhet i andra hand \u00e4r det alltid du som st\u00e5r ansvarig gentemot f\u00f6reningen f\u00f6r eventuella st\u00f6rningar till exempel. En otill\u00e5ten andrahandsuthyrning kan leda till att nyttjander\u00e4tten f\u00f6rverkas och att man blir av med sin bostadsr\u00e4tt.<\/p>\n<p>Om andrahandsuthyrning kan du <a href=\"http:\/\/brfbolmen1.se\/?page_id=46\">l\u00e4sa mer h\u00e4r<\/a><\/p>\n","protected":false},"excerpt":{"rendered":"<p>Att hyra ut sin l\u00e4genhet under en kortare period, t.ex. via tj\u00e4nsten Airbnb eller motsvarande, \u00e4r att betrakta som en andrahandsuthyrning och d\u00e4rf\u00f6r g\u00e4ller samma regler f\u00f6r t.ex. f\u00f6r annan andrahandsuthyrning. Godk\u00e4nna korttidsuthyrning S\u00f6k alltid tillst\u00e5nd av styrelsen i god tid om du planerar att hyra ut din l\u00e4genhet via Airbnb eller en annan, liknande [&hellip;]<\/p>\n","protected":false},"author":1,"featured_media":0,"parent":26,"menu_order":5,"comment_status":"closed","ping_status":"closed","template":"","meta":{"footnotes":""},"class_list":["post-966","page","type-page","status-publish","hentry"],"_links":{"self":[{"href":"https:\/\/brfbolmen1.se\/index.php?rest_route=\/wp\/v2\/pages\/966","targetHints":{"allow":["GET"]}}],"collection":[{"href":"https:\/\/brfbolmen1.se\/index.php?rest_route=\/wp\/v2\/pages"}],"about":[{"href":"https:\/\/brfbolmen1.se\/index.php?rest_route=\/wp\/v2\/types\/page"}],"author":[{"embeddable":true,"href":"https:\/\/brfbolmen1.se\/index.php?rest_route=\/wp\/v2\/users\/1"}],"replies":[{"embeddable":true,"href":"https:\/\/brfbolmen1.se\/index.php?rest_route=%2Fwp%2Fv2%2Fcomments&post=966"}],"version-history":[{"count":5,"href":"https:\/\/brfbolmen1.se\/index.php?rest_route=\/wp\/v2\/pages\/966\/revisions"}],"predecessor-version":[{"id":2364,"href":"https:\/\/brfbolmen1.se\/index.php?rest_route=\/wp\/v2\/pages\/966\/revisions\/2364"}],"up":[{"embeddable":true,"href":"https:\/\/brfbolmen1.se\/index.php?rest_route=\/wp\/v2\/pages\/26"}],"wp:attachment":[{"href":"https:\/\/brfbolmen1.se\/index.php?rest_route=%2Fwp%2Fv2%2Fmedia&parent=966"}],"curies":[{"name":"wp","href":"https:\/\/api.w.org\/{rel}","templated":true}]}}